0. What is a(0)?
-20
Let x(n) = 9*n + 114. What is x(-15)?
-21
Let d(o) = o**2 - 11*o + 36. Calculate d(7).
8
Let v(c) = -c**2 + 5*c + 1. Give v(7).
-13
Let y(m) = m + 7. Give y(0).
7
Let m(c) = -69*c + 75. Give m(1).
6
Let p(h) = -8*h**2 - 67*h - 24. Determine p(-8).
0
Let o(l) = 4*l + 4. Calculate o(1).
8
Let z(x) = 2*x**2 - 12*x + 10. Calculate z(4).
-6
Let z(t) = -t**3 - 13*t**2 - 3*t - 43. Determine z(-13).
-4
Let b(d) = -d**2 + 3*d + 7. Calculate b(6).
-11
Let o(f) = -f - 21. Determine o(-16).
-5
Let s(x) = -x**2 - 31*x - 106. Calculate s(-30).
-76
Let j(s) = -s**2 - s - 8. What is j(0)?
-8
Let p(b) = b + 18. Give p(-17).
1
Let b(s) = s - 2. What is b(-6)?
-8
Let m(w) = w + 13. What is m(0)?
13
Let p(o) = o**2 + 2*o + 1. What is p(0)?
1
Let u(b) = -b**3 + 22*b**2 - 111*b - 19. Determine u(14).
-5
Let l(j) = 2*j**2 + j + 1. Calculate l(-5).
46
Let w(r) = r**3 + 5*r**2 - r + 6. Calculate w(-5).
11
Let i(b) = -b**3 - 10*b**2 - 3. Calculate i(-10).
-3
Let p(t) = -t**2 - 10*t + 38. What is p(-14)?
-18
Let k(v) = -7*v + 224. Calculate k(31).
7
Let k(r) = r**3 - 5*r**2 - 11*r + 13. Determine k(6).
-17
Let k(f) = -16*f - 20. What is k(-1)?
-4
Let m(x) = 4*x**2 - 4*x + 3. Determine m(2).
11
Let d(y) = 3*y**3 + 10*y - 9. Determine d(1).
4
Let i(j) = -4*j - 58. What is i(-16)?
6
Let y(w) = -w**2 - 14*w + 5. Calculate y(-15).
-10
Let n(h) = h**2 - 2*h + 3. Calculate n(4).
11
Let u(h) = -h**2 + 2*h + 3. Determine u(-2).
-5
Let k(z) = 9*z**3 + 2*z**2 - 1. What is k(-1)?
-8
Let g(s) = -s**2 - s + 7. Give g(0).
7
Let n(b) = -b - 6. Determine n(-6).
0
Let y(z) = -z + 7. Determine y(-14).
21
Let y(k) = k**3 - 15*k**2 - 32*k - 33. What is y(17)?
1
Let o(i) = i**2 + 2*i - 42. Calculate o(6).
6
Let a(t) = -2*t + 8. Calculate a(4).
0
Let w(v) = -v**3 - 12*v**2 - 4*v - 30. Give w(-12).
18
Let j(q) = q**3 - 16*q**2 - 23. Determine j(16).
-23
Let y(o) = 2*o**3 - 4*o**2 + 2*o + 2. What is y(2)?
6
Let k(w) = 23*w - 1. Give k(-1).
-24
Let c(l) = l**3 + 2*l**2 - l. Determine c(-5).
-70
Let f(o) = o**2 + 20*o - 6. Give f(-9).
-105
Let n(a) = 24*a - 770. Calculate n(32).
-2
Let y(w) = w**2 + 12*w + 7. Calculate y(-7).
-28
Let t(r) = 10*r + 9. Calculate t(-3).
-21
Let h(r) = -4*r**2 - 61*r - 6. Give h(-15).
9
Let y(d) = 28*d + 2. Determine y(-2).
-54
Let z(y) = -4*y**2 + 2*y - 2. Determine z(1).
-4
Let k(j) = 4*j**2 - 5*j - 2. Give k(-3).
49
Let h(j) = -5*j**3 - j**2 - j - 1. Give h(-1).
4
Let d(m) = -11*m**2 + 13*m - 12. Give d(1).
-10
Let b(y) = 2*y**2 + 22*y + 25. Calculate b(-8).
-23
Let r(z) = -z**2 - 2*z - 2. Determine r(-1).
-1
Let j(l) = -3*l - 22. What is j(-10)?
8
Let y(f) = -f**2 + 16*f + 6. What is y(18)?
-30
Let w(k) = -k**3 + 5*k**2 - 5*k + 1. Calculate w(4).
-3
Let y(c) = 9*c. Give y(-2).
-18
Let j(s) = -s**3 - 21*s**2 + 4*s + 67. Calculate j(-21).
-17
Let v(r) = 3*r - 65. Determine v(21).
-2
Let i(c) = -c**2 - 12*c + 5. Give i(-13).
-8
Let z(v) = 10*v + 198. Determine z(-20).
-2
Let u(c) = c**3 + 7*c**2 + 13*c + 5. Determine u(-2).
-1
Let u(i) = i**2 - 2*i - 5. Calculate u(6).
19
Let l(j) = -j**3 + 8*j**2 - 4*j - 26. Give l(7).
-5
Let g(w) = 8*w + 2. Determine g(1).
10
Let s(o) = -2*o**2 - 5*o + 1. Determine s(-4).
-11
Let p(z) = z**3 - 3*z**2 + 7*z - 48. What is p(4)?
-4
Let y(x) = -x**2 + 3*x + 5. What is y(2)?
7
Let a(r) = r + 13. Determine a(-4).
9
Let o(s) = 13*s + 115. Give o(-5).
50
Let w(h) = -3*h - 3. Determine w(1).
-6
Let m(n) = -n**2 - n + 21. Determine m(-9).
-51
Let x(r) = -6*r - 1. Determine x(-1).
5
Let g(p) = 2*p - 4. Determine g(6).
8
Let j(y) = y**2 + 7*y - 2. Give j(-6).
-8
Let w(f) = f**2 - 31*f + 181. Give w(27).
73
Let k(m) = -m**3 - 11*m**2 - 3*m + 58. Give k(-10).
-12
Let y(d) = 4*d**2 + d + 2. Determine y(5).
107
Let p(g) = g**3 - 4*g**2 + 12. What is p(-3)?
-51
Let i(b) = -2*b**2 - 39*b - 74. Give i(-2).
-4
Let f(c) = -2*c**3 + 8*c**2 + 9*c - 4. What is f(5)?
-9
Let c(p) = 3*p**3 - 7*p**2 + 7*p - 6. What is c(4)?
102
Let t(r) = r**3 - 6*r**2 + 7*r + 3. Calculate t(6).
45
Let x(u) = 5*u - 19. Calculate x(8).
21
Let z(a) = -a**2 + 8. What is z(-5)?
-17
Let k(b) = -b**3 - 9*b**2 + 10*b - 1. Calculate k(-10).
-1
Let t(f) = -5*f**2 - 1. Calculate t(-3).
-46
Let v(r) = -180*r + 542. Give v(3).
2
Let t(l) = -l**2 + 2*l + 67. What is t(-8)?
-13
Let z(p) = 6*p**2 + 3*p + 3. Determine z(-1).
6
Let q(v) = -v**3 - 14*v**2 + 16*v + 8. What is q(-15)?
-7
Let h(w) = -71*w - 342. What is h(-5)?
13
Let u(t) = -t**3 + 3*t**2 - 14*t + 79. Calculate u(4).
7
Let w(c) = c**2 - 9*c + 28. What is w(8)?
20
Let f(a) = -a**3 - 4*a**2 + 14*a + 3. Calculate f(-6).
-9
Let i(d) = 3*d - 9. What is i(-5)?
-24
Let g(d) = 5*d**2 - 16*d - 211. Determine g(-5).
-6
Let i(v) = -v**3 - 13*v**2 + 49*v - 13. Calculate i(-16).
-29
Let l(f) = 5*f + 66. What is l(-11)?
11
Let t(z) = z**3 - 5*z**2 - 8*z. What is t(6)?
-12
Let c(n) = n**2 - 18*n - 2. What is c(17)?
-19
Let d(y) = -5*y**2 - 2*y. Determine d(-2).
-16
Let w(p) = -9*p + 43. Calculate w(4).
7
Let b(l) = -l + 5. Determine b(0).
5
Let i(h) = h**2 + 5*h + 1. Determine i(-2).
-5
Let f(z) = -z**2 + 18*z + 34. Give f(20).
-6
Let g(u) = -u**3 + 9*u**2 - 12*u + 32. Give g(8).
0
Let t(z) = z**3 + 4*z**2 - 7*z - 6. What is t(-5)?
4
Let s(z) = -z**3 - 15*z**2 + 11*z - 16. What is s(-16)?
64
Let m(f) = 3*f - 8. What is m(3)?
1
Let a(w) = 2*w**2 - 12*w + 25. Determine a(5).
15
Let h(g) = -g**3 - 4*g**2 - g + 2. Determine h(-4).
6
Let j(x) = x**2 + 25*x - 12. Determine j(-26).
14
Let b(p) = -p**3 + 2*p**2 - 5*p - 13. Determine b(-2).
13
Let h(a) = a**3 - 11*a**2 - 7*a - 5. Give h(11).
-82
Let g(x) = -4*x - 3. Calculate g(2).
-11
Let p(i) = i - 1. What is p(-2)?
-3
Let h(a) = 17*a - 449. What is h(27)?
10
Let a(p) = p**3 - 12*p**2 + 17*p + 3. Give a(9).
-87
Let f(u) = 20*u - 5. What is f(2)?
35
Let n(s) = -2*s**3 + s**2 - 2*s + 3. Give n(3).
-48
Let f(x) = -2*x - 2. Determine f(1).
-4
Let t(b) = -b**3 - b**2 + 107*b - 36. Give t(-11).
-3
Let j(d) = -d - 7. Determine j(-5).
-2
Let x(v) = -v**3 + 7*v**2 - 6*v - 7. Determine x(6).
-7
Let s(x) = -x**3 - 3*x**2 + 18*x + 9. Determine s(-6).
9
Let d(j) = -19*j - 3. Determine d(3).
-60
Let l(j) = j**3 + 10*j**2 + 2*j + 6. Calculate l(-10).
-14
Let i(x) = x**2 + 18*x - 14. Calculate i(-16).
-46
Let i(l) = -l**2 + 14*l - 86. Determine i(7).
-37
Let g(b) = -b - 6. Give g(19).
-25
Let t(y) = -y**2 + 36. Calculate t(-6).
0
Let m(t) = t + 6. Determine m(10).
16
Let c(b) = -b**2 - 6*b + 47. What is c(6)?
-25
Let g(b) = -b**2 - 2*b - 6. Determine g(-3).
-9
Let t(n) = 2*n**2 + 24*n - 1. Give t(-8).
-65
Let p(u) = u - 8. Give p(4).
-4
Let m(k) = k - 18. Give m(5).
-13
Let m(y) = y**3 - 3*y**2 - 37*y + 10. What is m(-5)?
-5
Let h(i) = -2*i**2 - 5*i - 4. Determine h(-2).
-2
Let k(b) = -b**3 + 5*b**2 - b + 24. Determine k(6).
-18
Let c(p) = -13*p - 11. Calculate c(-1).
2
Let k(l) = l**3 + 8*l**2 + 10*l - 1. Determine k(-7).
-22
Let b(f) = -f**3 + 20*f**2 - 10*f - 165. Determine b(19).
6
Let y(t) = -t**2 + 13*t - 31. Determine y(9).
5
Let c(v) = v**3 + 8*v**2 + 3*v - 1. Give c(-5).
59
Let s(n) = n**3 + 6*n**2 + 4*n. Determine s(-5).
5
Let j(p) = p**2 - 25*p + 2. Determine j(25).
2
Let m(z) = 2*z**2 - 8*z - 4. Determine m(5).
6
Let f(u) = u**3 + 2*u**2 - 3*u - 8. Calculate f(-3).
-8
Let c(u) = -39*u**3 + 4*u**2 - 15*u + 12. What is c(1)?
-38
Let y(r) = -13*r**3 + r**2. Calculate y(1).
-12
Let a(n) = n**2 - 7*n - 4. What is a(7)?
-4
Let k(b) = -b**3 - 16*b**2 - 10*b + 5. What is k(-15)?
-70
Let g(s) = -s**3 + s**2 + 2*s + 3. Calculate g(3).
-9
Let o(u) = u**2 - 4*u + 9. Give o(3).
6
Let d(o) = o**2 + 12*o + 6. Calculate d(-11).
-5
Let o(v) = -4*v - 6. What is o(-7)?
22
Let o(c) = -4*c - 56. What is o(-13)?
-4
Let u(y) = -16*y - 4. Calculate u(-2).
28
Let j(m) = 2*m**2 - 16*m + 19. Determine j(6).
-5
Let w(f) = f**3 - 12*f**2 + 9*f + 17. Determine w(11).
-5
Let z(y) = y**2 + 14*y + 6. Determine z(-10).
-34
Let q(p) = -17*p - 31. Give q(6).
-133
Let t(u) = u**2 + 15*u + 21. Give t(-13).
-5
Let c(h) = h**3 + 35*h**2 + 33*h - 63. Give c(-34).
-29
Let d(b) = 2*b - 2. Calculate d(2).
2
Let c(s) = s**3 - 3*s**2 + 3*s - 2. What is c(3)?
7
Let z(v) = 4*v + 4. Calculate z(-1).
0
Let h(u) = u**3 - 9*u**2 - u - 7. What is h(9)?
-16
Let y(q) = 3*q + 15. Give y(-6).
-3
Let w(u) = 7*u - 19. Determine w(4).
9
